 x(y) = y**3 + 34*y**2 - 206*y + 158. What is the remainder when 1763 is divided by x(-39)?
2
Let f(g) = -282*g - 11274. Let b(q) = -68*q + 1. Calculate the remainder when b(-1) is divided by f(-40).
3
Let i = -648 + 1753. Let g = -717 + i. What is the remainder when g is divided by 49?
45
Let o(d) = -d**2 - 7*d + 10. Let z be ((-2)/(-6))/(1/9). Suppose 7*s + 5*m + 42 = z*s, 5*s + 36 = 2*m. Calculate the remainder when 4 is divided by o(s).
0
Suppose 2*n = -4*l - 38, -2*l - 25 = 3*l. Calculate the remainder when 2/11 - n/11 - -29 is divided by 13.
4
Let v = 4279 + -4137. Calculate the remainder when 294 is divided by v.
10
Let s = -962 + 3964. What is the remainder when s is divided by 21?
20
Suppose 3*f - 358 = -2*n, 0 = -2*f - 3*n + 74 + 163. What is the remainder when 421 is divided by f?
61
Suppose 5*b = -v - 220, -8*b + 7*b + 2*v - 55 = 0. Calculate the remainder when 18/6*(-272)/(-6) is divided by (-70)/15*b/6.
31
Suppose 2*l = 5*s - 1601, -127*s - 1252 = -131*s - 2*l. Calculate the remainder when 28528 is divided by s.
315
Let r(w) = 228*w + 17. Let y be r(1). Suppose y = a - 3*v, -4*a = a - 4*v - 1247. Calculate the remainder when a is divided by 28.
27
Let g = 13779 + -13411. Calculate the remainder when g is divided by 81.
44
Let n = -198 - -192. What is the remainder when 104 is divided by n/(-2 - 44/(-24))?
32
Suppose 0 = -13*f + 16*f - 4*l + 47, 3*f - 3*l + 48 = 0. Let k(w) = -21*w - 334. Calculate the remainder when (2/(-4))/((-1)/132) is divided by k(f).
20
Let w(c) = -c**3 - 4*c**2 + 10*c + 8. Let h(u) = -3*u**3 + 108*u**2 - 106*u + 8. Let p be h(35). What is the remainder when 957/21 - p/63 is divided by w(-6)?
6
Let p be (1 + -1)/(-4 + (2 - -1)). Calculate the remainder when ((-42)/15 + p)*-60 is divided by 34.
32
Suppose 0 = 113*g - 37*g + 46*g - 58316. What is the remainder when g is divided by 66?
16
Let w(c) = c**2 + 4*c - 1. Let u be w(-4). Calculate the remainder when ((-1)/4 - u)*56 is divided by (736/(-400))/(18/(-225)).
19
Suppose 16 = 9*w - 5*w. Suppose 3*x - 2 = w*x, -x = -2*n + 120. Let o = -21 + n. What is the remainder when o is divided by 10?
8
Let i be 2/7*(12 - 170/20). Calculate the remainder when (i/3)/((-2)/(-366)) is divided by 7.
5
Let q be 2 - 36/21 - 6342/(-98). Let f = 244 - q. Calculate the remainder when f is divided by 45.
44
Suppose -4*z + 284 = -0*z. Calculate the remainder when 3*-159*(-52)/(-351)*-6 is divided by z.
69
Let l(f) = -2*f**2 + 62*f + 304. Suppose 0 = -5*x + 17 + 33. Calculate the remainder when l(35) is divided by x.
4
Suppose 2*q - 2*g = 7*q - 113969, g = -8. What is the remainder when q is divided by 38?
35
Suppose -43 + 61 = 6*k. Let w = 40 + -27. Calculate the remainder when w is divided by (3 - 0)/((-1)/((-8)/k)).
5
Suppose 2*o = -2, -106 = 2*h + 3*h + o. Let r be 6/h + (-120)/(-28). Suppose 212 - 20 = r*l. Calculate the remainder when 143 is divided by l.
47
What is the remainder when ((-15)/(-21) + -1 - (-511)/(-98))*-384 is divided by 2104?
8
Suppose -28*k = -99*k + 4118. What is the remainder when k is divided by -2*1*(-2)/1?
2
Suppose 0 = -4*t + 4*i - 12, -2*t + i = -3*i + 16. Let c = t - -18. Calculate the remainder when 72 is divided by c.
12
Let s(i) = -44*i + 40. Let n be s(-22). Suppose -n = -v - 5*v. Suppose 10*p + v = o + 5*p, -p = 3*o - 504. What is the remainder when o is divided by 34?
32
Let s = -7 + 33. Let h = 7919 + -7906. What is the remainder when s is divided by h?
0
Calculate the remainder when 333 is divided by (4/(-3)*186/(-16))/((-1)/(-10)).
23
Suppose 267*l = 237*l + 134520. Calculate the remainder when l is divided by 88.
84
Let l be -3*(-3)/(-6)*-6. Suppose -42 = 6*a - l*a. Calculate the remainder when (-20)/(-70) - (-2068)/a is divided by 30.
28
Let u = 392 - 329. Suppose 72*s - u*s = 180. What is the remainder when 59 is divided by s?
19
Suppose -183*y = -180*y + 15. What is the remainder when (y/2 + 3)*(4 - -198) is divided by 30?
11
Suppose 81*t - 5*y = 84*t - 3997, -t = -y - 1319. Calculate the remainder when t is divided by 25.
24
Suppose -2*l + 6819 = -3*q, 144*q = l + 141*q - 3405. Calculate the remainder when l is divided by 180.
174
Let i = 2278 - 2248. What is the remainder when 1099 is divided by i?
19
Let j(h) = 11 + 5 - 8*h + 13 - 1. Calculate the remainder when j(-11) is divided by 26.
12
Suppose 47*v - 299325 - 117800 = 0. Calculate the remainder when v is divided by 15.
10
Suppose -12607 = -5*v + c + 7837, -4*c = 3*v - 12248. What is the remainder when v is divided by 315?
308
Let n(i) = -80*i + 2559. Calculate the remainder when 560 is divided by n(31).
7
Let s = 275 + 3. Suppose -5*d + 5*c = 42 - 187, 4*d - 171 = -c. Calculate the remainder when s is divided by d.
38
Let q = -2747 + 3437. What is the remainder when q is divided by 33?
30
Let i(b) = b**2 + 41*b - 442. What is the remainder when 3517 is divided by i(-52)?
7
Let u(x) = 177*x**2 - 6*x - 12. Let r be u(5). Suppose 6*q + r = 15*q. What is the remainder when q is divided by 35?
32
Let p(d) = 4*d**2 + 12*d - 577. Calculate the remainder when p(-26) is divided by 139.
8
Let v be (-95)/(15/(-10) + 1). Suppose 9*m - 539 - v = 0. Calculate the remainder when m is divided by 2.
1
Let l be -14*(-3)/(10 + -4) - 4. Suppose -2*y = 7*s - l*s - 48, 0 = -2*s + 2. Let o(u) = u + 2. What is the remainder when y is divided by o(5)?
1
What is the remainder when 572/(-1463) + 2/7 + (-718688)/(-304) is divided by 5?
4
Let v = -1632 + 2496. Let z = v + -837. Calculate the remainder when 240 is divided by z.
24
Suppose 4*f = -50 + 70. Suppose 374 = 3*h + 5*i - 84, -f*i - 25 = 0. Calculate the remainder when h is divided by 34.
25
Suppose -5*j = -2*n - 7, j + n + 3 = 10. Suppose -j*y + 0*c - 5*c = -36, 6 = 2*c. Let r = 21 - -33. What is the remainder when r is divided by y?
5
Let d(h) = -125*h - 1689. Calculate the remainder when 3171 is divided by d(-14).
60
Let u = 4044 - 3721. Calculate the remainder when u is divided by 6.
5
Suppose -3*h = -4*y - 412, 5*y + 5*h + 363 = -117. Let c = 169 + y. Calculate the remainder when (-1)/(((-9)/c)/3) is divided by 13.
10
Let a(j) = -32*j - 1. Suppose 0*g = -g - 3. Let t(w) = -w - 2. What is the remainder when a(g) is divided by t(-27)?
20
Let z(q) = 152*q - 10139. Calculate the remainder when 478 is divided by z(67).
28
Suppose 0 = 3*t + t - 8, 5*v - 44 = 3*t. Suppose f + l - 38 = 0, -f + 3*l = l - 35. Let p = f + -18. Calculate the remainder when p is divided by v.
9
Let s = 47501 + -47468. Let k(z) = z**2 - 2*z - 2. What is the remainder when s is divided by k(-3)?
7
Suppose -109 = -84*q + 5944 + 4867. Calculate the remainder when 1819 is divided by q.
129
Let w(x) = 81*x + 2935. What is the remainder when ((-78)/8)/((-15)/80) is divided by w(-36)?
14
What is the remainder when 525 is divided by ((-2457)/364)/(3/(-60))?
120
Let p(o) = o**3 - 13*o**2 - 695*o - 4640. Let n(l) = 31*l - 7. What is the remainder when n(5) is divided by p(-10)?
8
Let x(d) = -729*d + 8894. Calculate the remainder when 3941 is divided by x(12).
145
What is the remainder when 1508 is divided by (-2)/11 - (11037/(-22) - (-46)/92)?
5
Let u be ((-466)/(-4))/(4 + 7/(-2)). Let o = -212 + u. What is the remainder when 75 is divided by o?
12
Suppose 1446 = 23*g + 204. What is the remainder when g is divided by 8?
6
Let n be 5/7 - (-17)/((-714)/(-12)). Suppose 2*c = 2*x - 70, -c - n = -2*c. Calculate the remainder when 102 is divided by x.
30
Suppose x - 6*x - 5*b + 1575 = 0, -x + 3*b + 315 = 0. Suppose -5*v + x = -4*m - m, m = 5*v - 311. Calculate the remainder when v is divided by 51.
11
Let h(v) = 1629*v - 6065. Calculate the remainder when h(4) is divided by 206.
39
Let j(r) = 42*r**2 + 2*r. Let x = 165 - 166. Calculate the remainder when 117 is divided by j(x).
37
Let q(d) = 3*d - 15. Let f be q(5). Suppose 3*h + 53 - 152 = f. What is the remainder when 129 is divided by h?
30
Suppose 2*q = 4*w + 46, -q = -4*q + 5*w + 72. Suppose 13*c = 191 + 615. Let o = c - q. What is the remainder when 64 is divided by o?
31
Let v(o) = 3*o**2 + 4*o - 12. Let b be v(-6). Suppose 10*n + b = 582. What is the remainder when n is divided by 10?
1
Let x = -435 - -437. Suppose c = 5*m + 29 + 19, x*c - 131 = 3*m. Let j = -48 - -67. Calculate the remainder when c is divided by j.
16
Let x(q) = 